sor of d and p?
29
Let c be (18/8)/(6/80). Suppose u - c = -22. Suppose v = -2*f + 22, 6*v - 75 = v - 3*f. What is the greatest common factor of v and u?
4
Let a be 8*435/(-10)*(-4)/6. Suppose i - a = -i. Calculate the highest common divisor of 29 and i.
29
Let a = -58 - -66. What is the highest common factor of 4 and a?
4
Let f be (-1)/((-30)/(-4)) + (-1540)/(-300). Calculate the highest common divisor of f and 40.
5
Let k = -530 + 534. Let u be ((-32)/3)/(1/(-3)). What is the highest common divisor of k and u?
4
Suppose -3*q - 55 = 2*q. Let d = q + 11. Suppose d*u + u - 11 = 0. What is the highest common factor of 55 and u?
11
Let h(t) = 11*t**3 + 3*t**2 + 3*t - 6. Let c be h(1). Calculate the highest common divisor of 891 and c.
11
Suppose -2*l + 4*q + 186 = 0, 5*l - 3*q - 444 = -0*q. Let r = l + -63. Let z be (56/2)/(2/12). Calculate the greatest common factor of r and z.
24
Suppose -8*h - 45 = -13*h. Suppose 0 = -b + 4*b - h. Suppose 0 = -s - b*s + 144. What is the greatest common divisor of 12 and s?
12
Suppose 6*x + 13 = 325. What is the highest common divisor of 208 and x?
52
Suppose 9*y = 3*y + 684. Let m = y - 78. Calculate the greatest common divisor of m and 54.
18
Let j(l) = 3*l + 37. Let z be j(-10). Suppose 4*k = -3*n - z, 0 = -2*k + 4*k + 8. Calculate the greatest common factor of n and 33.
3
Let o(w) be the first derivative of w**2 + 5/3*w**3 + w + 6. Let b be o(-1). Calculate the highest common factor of 44 and b.
4
Suppose 3*k + 2*k - 5*i = -5, -i = 3*k - 9. Let f be (11/(-77))/(k/(-14)). What is the highest common divisor of 7 and f?
1
Let n(w) = -2 + 2 - w + 3. Suppose -48*u = -37*u + 99. Let d be n(u). What is the highest common divisor of 24 and d?
12
Suppose -i + 3*y = -146, -3*y = -3*i - 2*i + 670. Let q = 169 - i. Calculate the highest common factor of 418 and q.
38
Let d = -4 + 8. Suppose 5*s - 2 = -2*u, -d*u + s - 18 = -6*u. What is the highest common divisor of 55 and u?
11
Let y be (-92)/(2 - 6) + -3. Suppose -r + y = -l, r + 4*r - l - 88 = 0. Calculate the greatest common divisor of 153 and r.
17
Let k = -110 - -166. Suppose -4*m = o - 5*o + 12, 2*m - 2 = 0. Suppose -o*h - 56 = -4*s, 0 = -s - 3*h + 7 + 7. Calculate the greatest common factor of s and k.
14
Suppose -4*v - 71 + 251 = 0. Calculate the highest common divisor of 20 and v.
5
Suppose -327 = -5*j + 58. Suppose 35 = 691*u - 686*u. What is the greatest common factor of j and u?
7
Let v be 0 - (-5 - (-4 - -3)). Suppose -5*p + p + v = 0. Let q(n) = n**2 - n + 8. Let a be q(0). What is the highest common divisor of a and p?
1
Let i = 159 + -83. Calculate the greatest common divisor of 4 and i.
4
Let l(o) = o**3 - 13*o**2. Let g be l(13). Let y be ((-16)/(-4))/(g + -1). Let t = y + 12. Calculate the highest common factor of t and 32.
8
Let y(l) = l**3 - 6*l**2 + 4*l. Let r be y(4). Let a = -11 - r. Suppose -s - 3 = 0, a*x + 4*s + 5 - 53 = 0. Calculate the greatest common factor of 8 and x.
4
Let g be (5 - 4)/((-1)/(-9)). What is the highest common divisor of g and 147?
3
Let m be (2/4 + -1)/((-70)/560). Suppose 320 = -0*v + 5*v. What is the highest common divisor of m and v?
4
Suppose 0 = 5*k + 5*j - 120, 3*j + 110 = -k + 5*k. Calculate the highest common factor of k and 481.
13
Let a be 15*(-61)/(-3)*1. Let w be (-10)/25*-61*(-1)/(-4)*10. What is the highest common divisor of a and w?
61
Suppose 3*i = 8*i - 4*u - 381, 0 = 3*i - 5*u - 239. What is the highest common factor of i and 292?
73
Let h be (-49528)/(-451) - (-6)/33. Calculate the greatest common factor of 20 and h.
10
Let y = 110 + -74. Calculate the highest common divisor of y and 108.
36
Let l = 247 - 152. Suppose -q + 19 = 2*s, -3*s + 19 = 3*q - 2*q. Calculate the highest common factor of q and l.
19
Let c(i) = 2*i**2 - 4*i + 2. Let v be c(-11). Let r = 73 + -37. What is the greatest common factor of r and v?
36
Suppose -2*w - 40 = -7*w. Suppose 3*g = 71 - w. Suppose 4*y + 15 = 3*v, 4*v + y = 6*y + g. Calculate the highest common divisor of v and 72.
9
Let j(r) = r**3 + 6*r**2 - 5*r + 5. Let d be j(-6). Suppose p + d = 45. What is the highest common factor of 90 and p?
10
Let a(r) = 2*r**2 + 6*r + 1. Let h be a(-4). Suppose -h = -o - 2*o. Suppose d = 8*d - 63. Calculate the greatest common divisor of o and d.
3
Let p = -7 + 4. Let t(v) = -v + 3. Let r be t(p). Suppose -2*c = -3*c + r. What is the highest common factor of c and 18?
6
Suppose 0 = -3*s + 70 + 80. Suppose -372 = -3*i - 2*a + 5*a, 0 = -2*i - 4*a + 254. Calculate the highest common divisor of i and s.
25
Let o be (-10)/(-8)*(41 - 5). What is the highest common factor of o and 405?
45
Let l(n) = 3*n**3 - n**2 + 2*n - 1. Let r be l(1). Suppose 0*g = -r*g + 6. Calculate the greatest common factor of 1 and g.
1
Let l(w) = 5*w**2 + 4*w + 45. Let g be l(0). Calculate the highest common divisor of g and 615.
15
Suppose -n + 4*n + a = -15, 0 = 4*n - 4*a + 4. Let q = n - -5. Let r(y) = -y - 2. Let u be r(-6). Calculate the greatest common factor of q and u.
1
Let p = 21 + 23. Let k be 88 - (-4 - -4)/(-1 - -3). Let q = k + -84. Calculate the greatest common divisor of q and p.
4
Let a be 3/(-1) + -33 + 16. Let w(k) = -2*k - 13. Let g be w(a). Calculate the greatest common divisor of 18 and g.
9
Let t = 116 + -53. Let i = 225 - t. Calculate the greatest common divisor of i and 18.
18
Let t(p) = 3*p**2 - 4*p + 60. Let h be t(0). What is the greatest common divisor of h and 108?
12
Suppose -63 = -5*z + 7. Let o(k) = -k**3 + 14*k**2 + 2*k + 13. Let j be o(z). Suppose 4*x - 31 = j. Calculate the greatest common factor of 9 and x.
9
Let u(v) = v**2 - 7*v + 8. Let r be u(6). Let b(y) be the first derivative of y**2/2 + 7*y - 12. Let m be b(-2). What is the greatest common factor of r and m?
1
Let r(p) = 6*p**2. Let g be r(-1). Suppose -4*y - 7*y + 198 = 0. What is the greatest common divisor of g and y?
6
Let l be ((-6)/10)/((-1)/15). Suppose -5*s = -16*s + 11. Calculate the greatest common factor of s and l.
1
Let a(j) = -15*j - 25. Let h be a(-3). Let g be 2/(-10) + 1444/h. Calculate the greatest common divisor of g and 9.
9
Suppose 3*d + 439 = 5*n, 3*d - 10 = -2*d. What is the highest common factor of n and 2403?
89
Let v = 72 + -35. Suppose -m + 49 = v. Calculate the greatest common factor of m and 48.
12
Let q be 1705 - (-11 - 14/(-7) - -4). Calculate the greatest common divisor of q and 90.
90
Let p(y) = -y**3 + 6*y**2 + 4*y - 18. Let m be p(6). Suppose m = 4*u - 54. What is the greatest common factor of u and 105?
15
Let a be (15/10)/((-2)/(-4)). Suppose a*c + 5*z = -18, c = 5*z - 10 - 16. Let q be (-2160)/(-22) + 2/c. Calculate the greatest common divisor of 14 and q.
14
Let s be (-2)/(-9) + (-301)/(-63). Suppose -l - 4*r + 6*r = -12, 3*r = -s*l + 8. Let v be 50/((0 - l)/(-2)). What is the highest common factor of v and 225?
25
Suppose -4*p + 4*a + 33 + 3 = 0, 0 = -4*a - 12. Let j be (1 - 1) + 43 - 1. What is the greatest common factor of p and j?
6
Let v(q) = 7*q**2 - 9*q - 52. Let w be v(-5). Calculate the greatest common divisor of w and 21.
21
Let s be (-1)/(2 + (-69)/34). Let w(p) = -4*p + 3. Let d be w(2). Let i be 54 + (d - (1 - 3)). Calculate the greatest common divisor of s and i.
17
Let b(i) be the second derivative of i**4/4 - 2*i**3/3 - 10*i**2 + 88*i - 3. Suppose -5 = -r + 1. Let y be b(r). What is the greatest common factor of 96 and y?
32
Let d(l) = -l**3 + 5*l**2 + 16*l + 7. Let j be d(7). Let y(k) = 3*k**3 - 2*k**2 - 4*k + 3. Let o be y(4). What is the greatest common factor of j and o?
21
Suppose -20*i + 342 = -14*i. Calculate the greatest common factor of 399 and i.
57
Suppose d - 15 = -4*d. Suppose -w - 172 = 3*w + v, -w - d*v - 54 = 0. Let s = w + 62. Calculate the highest common factor of 10 and s.
10
Let v be (-7)/28*(0 + 2 - 102). Calculate the highest common factor of v and 25.
25
Suppose 2*v = -2*v + 5*b + 356, 0 = -5*v - 4*b + 404. What is the highest common divisor of v and 210?
42
Suppose -l - 2*y + 5*y - 11 = 0, 4*l + 44 = 5*y. Let b = 25 + l. Calculate the highest common factor of 42 and b.
14
Suppose -4*h = -2*o - 178, 2*h - 5*o - 60 = 25. Suppose h = 5*f - 4*f - 3*j, 30 = f + 2*j. Calculate the greatest common factor of f and 90.
18
Suppose -3*m + 28*y = 23*y - 240, 0 = 4*m + 4*y - 288. What is the highest co